0*d + 69*d + 21 = 0. Calculate the remainder when d is divided by 12.
9
Suppose 50 = 2*k - 0*k. Calculate the remainder when 74 is divided by k.
24
Let a(q) = q**3 - 6*q**2 + 2*q - 5. Let y be a(6). Suppose 64 = 3*w - 2*d, 2*d = -2*w - w + 56. Calculate the remainder when w is divided by (2 - 2/2)*y.
6
Suppose -o - 4 = -32. What is the remainder when o is divided by 16?
12
Suppose -f - 2*u + 320 = f, -f + u = -170. What is the remainder when 69 is divided by f/9 + (-4)/12?
15
Suppose 30 = 2*s - 64. Calculate the remainder when s is divided by 3/12 + (-63)/(-4).
15
Let n = -33 + 76. Let g(p) be the third derivative of -3*p**4/8 - p**3/2 - 2*p**2. What is the remainder when n is divided by g(-2)?
13
Suppose 4*o - 5*s - 7 = 9, 35 = 3*o + 2*s. What is the remainder when 32 is divided by o?
5
Suppose 0*m + 200 = 4*m. Calculate the remainder when m is divided by 13.
11
Let i be (-2)/(0 - 2/3). Suppose -2*j + 50 = i*j. Calculate the remainder when j is divided by 4.
2
Suppose 0 = -2*x - x - 96. Let u(a) = 3*a + 6. Calculate the remainder when u(5) is divided by x/(-5) + 6/(-15).
3
Suppose -5*a + a + 16 = 0. Calculate the remainder when 32 is divided by 74/a + (-18)/12.
15
Let f be (-12)/4 + (1 - 1). Let h = f - -36. Calculate the remainder when h is divided by 9.
6
Let o be (-18)/24 - (-342)/8. Suppose 0 = 4*s - p - 45, 2*p + 0*p = -4*s + o. Calculate the remainder when s is divided by 3.
2
Suppose -3*v + 23 = 4*r + 2*v, -2*r - 5*v = -19. Suppose r*i = -2*i + 292. What is the remainder when i is divided by 19?
16
Suppose -4 = -2*l + 4, 0 = u + 3*l + 4. Let b = 26 + u. What is the remainder when 28 is divided by b?
8
Let n(v) = -2*v - 3. Let w be 20/6*12/10. Suppose 0 = 2*i - w*i - 4. What is the remainder when 2 is divided by n(i)?
0
Calculate the remainder when (102/12)/((-1)/(-2)) is divided by 5.
2
What is the remainder when ((-3)/(-6))/(1/54) is divided by 15?
12
Let g = 70 - 37. Suppose g = 4*q + 5. Let k = -6 + q. Calculate the remainder when 2 is divided by k.
0
Let p = 153 - 95. What is the remainder when p is divided by 30?
28
Let n = -17 - -33. Calculate the remainder when (-2)/4*(-105 - -13) is divided by n.
14
Let b(l) = l**2 - 12*l + 11. Let a be b(11). Suppose j + a*f = 3*f + 38, 0 = -3*f. Calculate the remainder when j is divided by 10.
8
Let s(j) = 13*j + 0*j**3 + 4 - j**3 + 15 + 0*j**3 + 13*j**2. Calculate the remainder when 7 is divided by s(14).
2
Let p = 83 - 9. What is the remainder when p is divided by 39?
35
Let h(x) = x - 3. Let o be h(8). Let b(y) = -2*y + o*y - 2 + 4*y + 3*y. Calculate the remainder when b(6) is divided by 20.
18
Let q = 33 + -32. Let y(x) = 10*x - 1 + 13*x + 10*x. Calculate the remainder when y(q) is divided by 17.
15
Let l(j) = 2*j + 8. Let t be l(-7). What is the remainder when 75 is divided by (-9)/6*52/t?
10
Suppose 2*q - 213 = -q. Calculate the remainder when q is divided by -3 + (-133)/(-7) + 2.
17
Let j be 3/6 - (-26)/4. Let i be 3/2*(j - 5). Calculate the remainder when i/12 + (-55)/(-4) is divided by 8.
6
Let h(w) = w**3 - 3*w**2 + 5*w - 1. Calculate the remainder when h(4) is divided by 9.
8
Let n = -61 - -109. Calculate the remainder when 142 is divided by n.
46
Suppose -5*o - 3*k = -3*o - 156, 0 = 3*o - k - 245. Calculate the remainder when o is divided by 14.
11
Let m(l) = -10*l**2 + 4*l. Let o be m(-3). Let c = -47 - o. What is the remainder when c/2*(-30)/(-25) is divided by 9?
6
Let w(g) = -35*g - 8. Calculate the remainder when w(-3) is divided by 25.
22
What is the remainder when 6/4*18/9 is divided by 2?
1
Let z = 31 - -23. Suppose 0 = -2*k - k + z. Calculate the remainder when k is divided by 7.
4
What is the remainder when (-20)/70 - (-282)/7 is divided by 21?
19
What is the remainder when 28 is divided by ((-8)/(-10))/(4/(-180)*-2)?
10
Let x(r) = r**2 + 5. Let u be x(0). Suppose -3*m + 4*m - u = 0. Let q = 13 - m. What is the remainder when 14 is divided by q?
6
Let c = -22 - -16. Let q = c + 19. Suppose w + 190 = 6*w. What is the remainder when w is divided by q?
12
Suppose 2*y + 10 = -j + 4*j, 3*y - 7 = -j. Let u(r) = 21*r**3 - r**2 - r + 1. Let k(g) = g + 4. Calculate the remainder when u(y) is divided by k(3).
6
Suppose -21 = -m - 2*m. Let x = 2 + 10. What is the remainder when x is divided by m?
5
Let s = -99 - -119. What is the remainder when 277 is divided by s?
17
Suppose 6*c - 13*c + 14 = 0. Calculate the remainder when 7 is divided by c.
1
Let w = -55 - -98. What is the remainder when w is divided by (-4)/(-2 + 4) - -17?
13
What is the remainder when 94 is divided by (171/18)/((-1)/(-2))?
18
Suppose m = -m + k + 5, 0 = -5*m + 2*k + 13. Let t = -9 + 13. Calculate the remainder when t is divided by m.
1
Suppose 5*j = -0*k - 2*k + 206, -2*j - 4*k + 92 = 0. What is the remainder when j is divided by 21?
19
Suppose -3*y - 2*o = -1, 4*o = y - 5*y - 4. Suppose y*c - c - 40 = 0. Calculate the remainder when c is divided by 7.
6
Suppose 4 = -7*t + 3*t. Let z be (51/6)/(t/(-2)). Suppose 2*l = f - z, 0 = -3*f + 3*l + 67 - 25. Calculate the remainder when f is divided by 6.
5
Suppose -2*m + 44 = -8. Calculate the remainder when 103 is divided by m.
25
Suppose 5*o - 55 = 75. Calculate the remainder when 337 is divided by o.
25
Let t be (-14)/(-63) + 7/9. Let f = t + 0. What is the remainder when 2 is divided by f?
0
Let m be 1*(-12)/(-3)*-6. Let c = -37 + 80. What is the remainder when c is divided by m/(-2)*30/24?
13
Suppose 4*w = 30 + 2. Calculate the remainder when 28 is divided by w.
4
Suppose -n + 40 = 3*n. Suppose 0*u - 2*u = -8. What is the remainder when n is divided by u?
2
Suppose -r + 0*t + 67 = t, -5*r + 2*t + 370 = 0. Let p = -43 + r. Suppose -5*q + 57 = -5*u + 22, -3*u + 59 = 5*q. What is the remainder when p is divided by q?
9
Let r(d) = 3*d**2 - 4*d. Let t be 1/4 + 1135/20. Let p = 85 - t. Calculate the remainder when p is divided by r(3).
13
Suppose -38 = -3*d - 4*r + 3*r, -4*d + 2*r + 64 = 0. Suppose -3*z + d = -16. What is the remainder when 38/1*(-1)/(-2) is divided by z?
9
Suppose 0 = -5*j + 71 + 174. What is the remainder when j is divided by 26?
23
Let j(v) = v**3 - 8*v**2 - 8*v - 5. Let b be j(9). Suppose -b*s + 7 = -9. Calculate the remainder when 6 is divided by s.
2
Suppose 3*w = -4*n + 33, -2*n = 4 + 2. What is the remainder when w is divided by 4?
3
Suppose 2*h + h = 30. Suppose h*f - 5*f = 30. Calculate the remainder when f is divided by 2.
0
Suppose 2*b - n = 30, -3*n = 5*b - 51 - 35. Calculate the remainder when 25 is divided by b.
9
Let d = -12 + 41. What is the remainder when 57 is divided by d?
28
Suppose -3*j = -2*z - 0*j + 20, -4*z = 3*j - 22. Suppose 0*y - 5*y = -15. What is the remainder when z is divided by y?
1
Let x(i) = -i**3 - 7*i**2 + 17. What is the remainder when x(-8) is divided by 14?
11
Let r(m) = m + 11. What is the remainder when 12 is divided by r(-6)?
2
Suppose -4*i - 16 = 0, 4*j = 3*i - i + 16. Calculate the remainder when 14 is divided by j/(-1)*(-8 - -4).
6
Let w = 2 + 6. Suppose -b - 3*j + 24 + w = 0, -b + 5*j = 8. What is the remainder when b is divided by 6?
5
Let q be ((-4)/1)/(3 + -5). Suppose 0 = 2*w - 5*v - 19, w - 2 = 3*w + q*v. Suppose 0 = -4*x + w + 2. Calculate the remainder when x is divided by 1.
0
What is the remainder when ((-15)/4)/((-8)/160) is divided by 13?
10
Let m(q) = -q**2 + 11*q + 3. Calculate the remainder when 39 is divided by m(9).
18
Suppose -k + 4*r - 19 = 0, 5*k + 28 = r - 10. Let o = k - -17. Suppose 7 = 2*n - 5. Calculate the remainder when o is divided by n.
4
Suppose 3*f - 5*i - 30 = 0, 3*i = -2*i. Suppose -f = -3*x + 2. Suppose 4*m + 0 = 8. Calculate the remainder when x is divided by m.
0
Suppose 21 = -0*z + z + 4*x, 79 = 3*z + 4*x. Calculate the remainder when z is divided by 16.
13
Suppose 2*g - 4 = -0*g, 3*g = 3*s + 15. Let m = 6 - s. What is the remainder when 550/35 + 2/7 is divided by m?
7
Let l be ((-3)/(-6))/(1/2). Let k(w) be the third derivative of 7*w**4/6 + w**3/6 + w**2. Calculate the remainder when k(l) is divided by 8.
5
Calculate the remainder when 26/2 - (-1 - -1) is divided by 8.
5
Let p = 36 - 31. What is the remainder when 9 is divided by p?
4
Let q = -17 + 23. What is the remainder when q is divided by 3?
0
Let h = -33 - -38. Calculate the remainder when 17 is divided by 